 Suppose -3 = -h + 5*b, d*h + 2*b + 48 = 5*h. What is the highest common factor of h and 15?
3
Let r = -57 + 129. Let n = r + -10. Suppose -2*m + 136 = 5*j, -28 - n = -3*j - 4*m. Calculate the highest common divisor of 13 and j.
13
Suppose -111*c + 113*c = 16. Calculate the highest common divisor of c and 404.
4
Let u = -20286 - -29008. What is the greatest common factor of u and 178?
178
Let d = -22 - -60. Suppose 21*x = -11*x + 1216. Calculate the highest common divisor of x and d.
38
Let l(x) be the third derivative of -7*x**4/12 + x**3/3 - 3*x**2. Let t be l(-5). Let v = 28 + -10. Calculate the greatest common divisor of v and t.
18
Suppose -1407 = -11*g - 219. Suppose 34 - 14 = 5*a. Suppose -a*x = -3*x - g. What is the highest common divisor of 72 and x?
36
Suppose 147*d - 143*d - 84 = 0. Suppose 66*u - 683 + 221 = 0. What is the highest common factor of u and d?
7
Let g be (-1 - 21/(-15))*27720/44. What is the highest common divisor of 1638 and g?
126
Suppose 22 + 30 = 13*z. Suppose -2*i + z*s + 134 = s, 0 = 5*i - 3*s - 326. What is the greatest common divisor of i and 224?
32
Let s(z) = 29*z + 253. Let f be s(69). What is the greatest common factor of f and 28?
14
Let n(t) be the second derivative of -3*t**3/2 - 73*t**2/2 + 4*t. Let b be n(-12). Let k = -19 + 26. What is the highest common divisor of b and k?
7
Let q be (1 + -3 + -1)/(-1). Let j(k) = k**2 + 7*k - 7*k**2 + 4 - k**q - k**2. Let g be j(-8). Calculate the greatest common factor of 108 and g.
12
Suppose -x = 2*h + 45, -4*x + 18 = -3*h + 2*h. Let c = h + 32. Let o = 65 - 55. Calculate the highest common divisor of o and c.
10
Suppose 2*z - 88 + 100 = 0, -2*w = 5*z - 66. Calculate the highest common divisor of 7248 and w.
48
Suppose -23*g - 2*m = -28*g + 7419, -g + 3*m + 1476 = 0. What is the highest common factor of 60 and g?
15
Let j(c) = -6*c + 2. Let p be (-1*14)/((-2)/4*1). Suppose -p = 5*z + 2. Let l be j(z). What is the highest common divisor of 95 and l?
19
Suppose 0 = 57*v - 61*v + 8, -160 = -b - 2*v. Calculate the greatest common divisor of b and 975.
39
Suppose 0 = 3*h + 2*p + 66, -5*h - 2*p - 106 = -0*p. Let g = -23 - h. Let d be 103 - (g + (10 - 3)). Calculate the greatest common divisor of d and 9.
9
Suppose -3*q - 210 + 336 = 3*p, 78 = 2*q + p. Calculate the greatest common divisor of 16 and q.
4
Let b = 8139 - 8019. Calculate the greatest common factor of 3580 and b.
20
Suppose -239 = -g - 3*r, 0 = 6*g - 5*g - 4*r - 246. Suppose 2*d - 2*j = 36, 38 = -4*d - 3*j + 138. Calculate the greatest common divisor of g and d.
22
Let g = 301 + -260. Suppose -5*i = 5*j - 125, j = -6*i + i + g. What is the highest common factor of 399 and j?
21
Let x = 1030 - 918. Calculate the greatest common factor of x and 56.
56
Let r be 7536*(44/24 + (-29)/87). What is the greatest common divisor of r and 144?
72
Let o be 82/6 - 2/3. Let p(y) = 3*y**2 - 15*y - 2968. Let n be p(-30). What is the greatest common factor of n and o?
13
Suppose -3*j - 2*j + 210 = 0. Let t be (-1246)/(-18) + 2 + 14/(-63). Let o = t - 50. Calculate the greatest common factor of o and j.
21
Let t(f) = 87*f + 8757. Let x be t(-47). What is the greatest common factor of 72 and x?
12
Let h(c) be the first derivative of 5*c**2/2 - 15*c - 1. Let s = -4050 + 4056. Let o be h(s). Calculate the greatest common divisor of o and 15.
15
Suppose -8*c + 3*c = -6*y + 66, 5*c = 4*y - 34. Let n be 5*(16/5 + 0). What is the highest common factor of n and y?
16
Let k = -427 + 2631. What is the highest common divisor of k and 348?
116
Let x = 278 - -151. Let i be (-6970)/30 + (-4)/6. Let b be i/(-6) + 24/144. Calculate the greatest common factor of b and x.
39
Let o = -14782 + 15254. What is the greatest common factor of o and 4838?
118
Suppose -2*v = 80*v - 11808. What is the highest common divisor of v and 2088?
72
Let p = 3248 + 4285. Calculate the greatest common factor of p and 243.
243
Let s be ((-80)/(-28) + -3)/((-30)/5040). Let h be -35 + 3/((-3)/(-2)). Let o = 135 - h. What is the highest common factor of s and o?
24
Let s be (-1)/3 + (-200)/(-6). Suppose -y - 488 = 542. Let b = y + 1033. Calculate the highest common divisor of b and s.
3
Let m be (0/4 - (-6 + 7))*-27. Let d(v) = -2*v - 10. Let z be d(-10). Let y be z/15 + (-565)/(-3). What is the greatest common divisor of m and y?
27
Suppose 3*m - 171 = -3*p, -33*m + 31*m = -5*p + 306. Calculate the greatest common divisor of 580 and p.
20
Let n(g) = g**2 + 55*g - 1245. Let w be n(19). Calculate the highest common factor of 175 and w.
7
Let q = 11691 - 11496. Let j be 9/(-12) - (-69)/12. What is the highest common factor of j and q?
5
Let x be 384/(-7)*(-231)/110*5. What is the highest common divisor of x and 2624?
64
Let y = 47 + -19. Let x(n) = -2*n**2 - 21*n + 33. Let g be x(-11). Suppose -d - 4*a + y = a, -g = -d - 2*a. Calculate the greatest common divisor of d and 45.
9
Suppose 271 = -20*m + 1651. Suppose 1114 = 2*y - 5*s, 4*y + 0*s - s = 2210. Calculate the highest common divisor of y and m.
69
Let h be ((-2)/6 - (-665297)/42) + (-30)/420. Calculate the highest common divisor of h and 176.
176
Let g = 30760 - 19502. What is the greatest common factor of g and 104?
26
Suppose -y - 2*y - 972 = -3*a, 0 = -2*a - 5*y + 676. Let h = -45467 - -45508. Calculate the greatest common divisor of a and h.
41
Suppose 5*t = 6*t + 42. Let z be (-40)/(-80) - t/4. What is the greatest common factor of 1 and z?
1
Let f(l) = -2*l**3 + 9*l - 18. Let r be f(4). Let x = r - -128. What is the highest common factor of x and 36?
18
Let a(i) = -170*i - 8017. Let c be a(-92). What is the highest common factor of 396 and c?
99
Suppose 21*r - 9*r = 20*r - 78048. What is the highest common factor of r and 9?
9
Suppose -102*r + 100*r + 3*l = -7832, 0 = -5*r + 4*l + 19608. Calculate the highest common divisor of r and 4.
4
Suppose -q + 670 = z - 64, 3*z - 2*q = 2212. What is the highest common factor of 23 and z?
23
Let b = -933 - -1610. Suppose 5*n - 2522 = -b. Calculate the highest common factor of n and 82.
41
Let y = -58 - -131. Let u = -4030 + 4032. Suppose y = 5*v - 2*w, -v + w + 12 = -u*w. Calculate the greatest common divisor of v and 165.
15
Suppose 140 = i + 4*j, 12*i = 14*i + 5*j - 256. Let l be 5/((-25)/8)*-30. Calculate the greatest common factor of l and i.
12
Let l(c) = 36*c**2 - 32*c + 370. Let g be l(16). What is the highest common factor of 26 and g?
26
Let t be (363/15)/((-31)/(-5) - 6). Suppose 3*z = -3*k + 63, -2*k + 7 - t = -4*z. Let u be 154/4 + (-2)/(-4). Calculate the highest common divisor of u and z.
13
Suppose 14*a = -36*a + 7*a - 602, -a = 3*t - 754. Let c(d) = -d + 7. Let y be c(7). Let v be 0 + y - (-1 + -15). What is the highest common factor of v and t?
16
Suppose 2725680 = 39*r - 0*r + 41*r. Calculate the greatest common divisor of 123 and r.
123
Suppose 5*z - 68 = -3*p, -5*z - 37 = 5*p - 107. Suppose z*f = -14*f + 243. Let w be (-27)/(-2 + (-10)/(-6)). Calculate the highest common divisor of w and f.
9
Let m = -1448 + 1646. What is the greatest common factor of m and 90?
18
Let x = -9066 - -9563. What is the highest common divisor of x and 7?
7
Let j = -583 - -828. Suppose -243 + 1133 = 77*z - 1805. Calculate the greatest common divisor of j and z.
35
Let n(i) = -i**3 - 75*i**2 + 15*i + 1205. Let l be n(-75). Calculate the highest common factor of l and 340.
20
Suppose 90*h = 106*h - 16064. Let o = 1598 - h. What is the greatest common divisor of o and 66?
66
Let o be (-50840)/123*36/(-30). What is the greatest common divisor of 64 and o?
16
Let b = 249 - 123. Suppose -b*o - 960 = -132*o. Calculate the greatest common factor of 60 and o.
20
Let q be (((-413)/(-35))/(-1) + (-30)/25)*-2. What is the highest common factor of q and 793?
13
Let h(w) = -4*w - 9 - 1 - 2. Let g = -141 + 135. Let k be h(g). Calculate the highest common divisor of 24 and k.
12
Suppose g + g - 5 = 5*o, o = 5*g - 1. Suppose g = 8*c - 4*c - 452. Let j = 121 - c. What is the highest common divisor of 16 and j?
8
Let o be (-3)/((-6)/4) - (-10 - 22). Suppose 3*r = d + d - 45, -3*d = 5*r - 39. Suppose -3*h + 390 = -d. Calculate the highest common factor of h and o.
34
Suppose 3*v = -3 - 0. Let b be (-10 - -3)*(-2 - v). Calculate the highest common divisor of b and 8.
1
Let i be (-765)/(